88aa7?
-1888aa2
In base 5, what is 32 - -32433031?
32433113
In base 11, what is 11 - 28831a0?
-288318a
In base 11, what is 123 - 31847?
-31724
In base 12, what is -397883 + b8?
-397787
In base 5, what is 1333224043 + -30?
1333224013
In base 3, what is 10 - 10012002210102?
-10012002210022
In base 6, what is 113 - 13400204?
-13400051
In base 15, what is -942 + -953c?
-9e7e
In base 14, what is 5 - 4b4d55?
-4b4d50
In base 15, what is a2721b3 + -3?
a2721b0
In base 11, what is -99110 + -22?
-99132
In base 7, what is -164165 + 23230?
-140635
In base 14, what is -29d54 + 228?
-29b2a
In base 11, what is -123 - 11a674?
-11a797
In base 7, what is -162440 + 413?
-162024
In base 4, what is 1132 - 1220301133?
-1220300001
In base 16, what is -37bc9 + -4a9?
-38072
In base 2, what is 1111010011110110111 + -11011110?
1111010011011011001
In base 16, what is 0 - 7309fb?
-7309fb
In base 16, what is 36b16 + 196?
36cac
In base 7, what is -140252416 - -31?
-140252355
In base 5, what is 44343330 + 1414?
44400244
In base 10, what is 0 - -4186703?
4186703
In base 4, what is 1203012300 + -2?
1203012232
In base 5, what is 22221213332 + 0?
22221213332
In base 10, what is 7 - 3322096?
-3322089
In base 5, what is -41110 - -3401?
-32204
In base 16, what is -15aa3 + 76?
-15a2d
In base 4, what is -20222323 - 121021?
-21010010
In base 5, what is 1344202 - -1311240?
3210442
In base 3, what is -1102212200 + -2010?
-1102221210
In base 15, what is -9 + -386889?
-386893
In base 4, what is 1000313003 - -3013?
1000322022
In base 15, what is 85 - 27a22?
-2798c
In base 9, what is 101 - -25375?
25476
In base 9, what is -510004 - -225?
-508668
In base 2, what is 10010000000000101000 - -10111101?
10010000000011100101
In base 5, what is 1 + 101443412311?
101443412312
In base 4, what is 103020 + 2221212?
2330232
In base 10, what is -3050 - -3782?
732
In base 13, what is -51 + 318783?
318732
In base 16, what is 0 - 5055be0?
-5055be0
In base 13, what is 12c - 6294?
-6165
In base 6, what is -43041425 + -122?
-43041551
In base 13, what is 267 - 7678?
-7411
In base 10, what is -9254 + 723?
-8531
In base 15, what is -c1cb97 + 2?
-c1cb95
In base 2, what is 11101111000111 + -11101111011?
11010001001100
In base 4, what is -200 + -303130031103?
-303130031303
In base 12, what is -28721 - 773a?
-3425b
In base 14, what is -5cc6 + -2a21?
-8907
In base 4, what is 102223131201113 + 10?
102223131201123
In base 4, what is 13032 - 3012113230?
-3012100132
In base 12, what is -2748 - -10aa?
-165a
In base 8, what is -57566715 + -1?
-57566716
In base 16, what is 524c1 + 8?
524c9
In base 8, what is 3407 + 60060?
63467
In base 6, what is 1 - 5202324?
-5202323
In base 10, what is 2 - -21492008?
21492010
In base 3, what is -12 + 2120220210221?
2120220210202
In base 9, what is -5 - 545551?
-545556
In base 9, what is 18876 + 4304?
24281
In base 4, what is 222011320 + -11023?
222000231
In base 16, what is -2b + 50f3cf?
50f3a4
In base 3, what is 1122022011 - -12022102?
1211121120
In base 7, what is 2 + -10266115?
-10266113
In base 2, what is -1010100000000100101 + 1?
-1010100000000100100
In base 14, what is -2a2c - 5ba?
-3208
In base 10, what is -14484061 - -4?
-14484057
In base 10, what is 0 + -192872614?
-192872614
In base 16, what is -313f58d + -2?
-313f58f
In base 14, what is -408716 + 14?
-408702
In base 12, what is -93948 + 232?
-93716
In base 12, what is -2737344 - -3?
-2737341
In base 14, what is 82 - -1749c?
17540
In base 4, what is -33023002201030 - 2?
-33023002201032
In base 10, what is -10749 - 7360?
-18109
In base 15, what is 5 - -9e7d1?
9e7d6
In base 10, what is 21586 - -44388?
65974
In base 8, what is -110 + 1131542?
1131432
In base 14, what is 1941038 + -4b?
1940dcb
In base 5, what is -142300 + 3244121?
3101321
In base 7, what is 6104214 + -3?
6104211
In base 9, what is -4451 - 27661?
-33222
In base 12, what is -40 + 1446b7?
144677
In base 11, what is 9230a63 - 78?
9230996
In base 6, what is -10 + -511113105?
-511113115
In base 10, what is -173 + -1649?
-1822
In base 8, what is -7673 - -35641?
25746
In base 3, what is -20012212 + -101121122?
-121211111
In base 11, what is 2 + 1a89a598?
1a89a59a
In base 10, what is 178911 - -12?
178923
In base 16, what is -1f73 - 106?
-2079
In base 13, what is -a - 1c15a04?
-1c15a11
In base 15, what is -1e + -7313d5?
-731404
In base 10, what is -1566 + 28010?
26444
In base 5, what is 4113324 + -102?
4113222
In base 8, what is -26 + -544656?
-544704
In base 4, what is -3000002212122 + -1?
-3000002212123
In base 12, what is -93b6 + -7599?
-14993
In base 3, what is 120112 - -1011011110?
1011201222
In base 16, what is 4622 + -b9a8?
-7386
In base 16, what is -2 + 352771?
35276f
In base 3, what is 101001211002 - -12020221?
101021002000
In base 2, what is -110111111001100001111111 - -11011?
-110111111001100001100100
In base 7, what is -433 + -2051062?
-2051525
In base 10, what is -8791 - 82442?
-91233
In base 10, what is 1 - -1311521?
1311522
In base 4, what is -103303111 + 310302?
-102332203
In base 16, what is -57af96c + 1?
-57af96b
In base 5, what is 4 + -2133132122?
-2133132113
In base 9, what is 5 - -14275057?
14275063
In base 6, what is -2 - -54432125?
54432123
In base 14, what is 209 + 17b?
386
In base 10, what is 15 - -236598?
236613
In base 11, what is 1a07a1a7 + -3?
1a07a1a4
In base 12, what is -2 + 781294?
781292
In base 16, what is 66287776 + -1?
66287775
In base 4, what is 2331 - -13110022312?
13110031303
In base 10, what is -2487341 - -23?
-2487318
In base 8, what is -30 - -1367553?
1367523
In base 7, what is 2620502 - -1503?
2622305
In base 2, what is -110101000010 - -1001001111111?
10100111101
In base 3, what is 111211011022002 + 11?
111211011022020
In base 6, what is 2010 - 320142?
-314132
In base 2, what is -111010110010 - 11001010001111111?
-11010001100110001
In base 5, what is 4 + 11022320441?
11022321000
In base 15, what is 49 + 77e4?
783d
In base 13, what is -2499b1c6 + -5?
-2499b1cb
In base 10, what is 3122 + -63306?
-60184
In base 9, what is -871784762 + 2?
-871784760
In base 6, what is 145 + 105115532?
105120121
In base 3, what is -11020000010211112 - 0?
-11020000010211112
In base 4, what is -30 - -12011122230?
12011122200
In base 8, what is 163446 - -2055?
165523
In base 9, what is 2843 + -307432?
-304478
In base 5, what is 11 + -23321404?
-23321343
In base 12, what is -6 + -1930793?
-1930799
In base 7, what is 415 + -1262400?
-1261652
In base 13, what is 9 - 534466?
-53445a
In base 11, what is 1 + -2400116?
-2400115
In base 14, what is -4cbc0 + -144a?
-5022a
In base 8, what is 16253 - 62037?
-43564
In base 12, what is 118 - -1029a5?
102b01
In base 2, what is -1101011101010 + 1101000111?
-1011110100011
In base 13, what is 2ba9379 - -2?
2ba937b
In base 8, what is 336 + -47424?
-47066
In base 10, what is 4 - -11456892?
11456896
In base 16, what is -d0e7a - -1bb?
-d0cbf
In base 12, what is -a73910 + 0?
-a73910
In base 11, what is 407473 + -87?
407397
In base 7, what is -24404456 + 6?
-24404450
In base 7, what is -1 - -453623132?
453623131
In base 8, what is 20 - 30223011?
-30222771
In base 6, what is -302045 + -1112005?
-1414054
In base 15, what is -1ecdc11 - -5?
-1ecdc0b
In base 12, what is -1a21a + -2704?
-20922
In base 11, what is -2 + -1a09882?
-1a09884
In base 2, what is 1011 - -1110111101111101001001?
1110111101111101010100
In base 10, what is -76802 + -316?
-77118
In base 5, what is 2111300 + 200310?
2312110
In base 9, what is -8070280 + 1?
-8070278
In base 2, what is -11110001001001010111 + 1?
-11110001001001010110
In base 15, what is -7d95a44 - -1?
-7d95a43
In base 5, what is 31324 + 112322?
144201
In base 4, what is -11111 - -200023220?
200012103
In base 5, what is 14421243 + 231?
14422024
In base 2, what is -111011100111011 + 10100000?
-111011010011011
In base 12, what is -38978012 - -2?
-38978010
In base 8, what is -1 - -263012137?
263012136
In base 4, what is -11 - -31022101320?
31022101303
In base 4, what is -230123 - 10210323?
-11101112
In base 3, what is 2011102112102 - -1121?
2011102121000
In base 16, what is -3e3e + -1ca?
-4008
In base 15, what is -8ae9 - -14c3?
-7626
In base 13, what is -2 + 2703811?
270380c
In base 14, what is 919 + 1c010?
1c929
In base 14, what is -3a - -8d763c?
8d7602
In base 11, what is -43a4502 - -2?
-43a4500
In b